d by 3057.
544
What is the remainder when 90095 is divided by 61?
59
Calculate the remainder when 139142 is divided by 85.
82
What is the remainder when 7073 is divided by 640?
33
Calculate the remainder when 36311 is divided by 102.
101
Calculate the remainder when 4855 is divided by 1618.
1
Calculate the remainder when 16002 is divided by 3981.
78
What is the remainder when 238 is divided by 5?
3
Calculate the remainder when 11676 is divided by 260.
236
What is the remainder when 705 is divided by 181?
162
Calculate the remainder when 3588 is divided by 164.
144
What is the remainder when 301495 is divided by 23?
11
What is the remainder when 71244 is divided by 15?
9
What is the remainder when 20396 is divided by 252?
236
What is the remainder when 4743 is divided by 181?
37
What is the remainder when 12754 is divided by 2519?
159
Calculate the remainder when 37832 is divided by 2.
0
What is the remainder when 4757 is divided by 46?
19
What is the remainder when 3932568 is divided by 1398?
1392
Calculate the remainder when 137002 is divided by 84.
82
Calculate the remainder when 13629 is divided by 4523.
60
Calculate the remainder when 3267 is divided by 435.
222
Calculate the remainder when 19415 is divided by 4852.
7
Calculate the remainder when 46556 is divided by 739.
738
What is the remainder when 22992 is divided by 329?
291
What is the remainder when 4476947 is divided by 956?
955
Calculate the remainder when 2153 is divided by 142.
23
Calculate the remainder when 26362 is divided by 4393.
4
Calculate the remainder when 275173 is divided by 88.
85
What is the remainder when 608 is divided by 101?
2
What is the remainder when 17370 is divided by 24?
18
What is the remainder when 69149 is divided by 22953?
290
What is the remainder when 28497 is divided by 189?
147
What is the remainder when 834 is divided by 442?
392
What is the remainder when 1609713 is divided by 106?
103
Calculate the remainder when 486024 is divided by 10125.
24
Calculate the remainder when 12845 is divided by 6395.
55
Calculate the remainder when 178263 is divided by 74.
71
What is the remainder when 1354 is divided by 58?
20
Calculate the remainder when 310493 is divided by 103496.
5
Calculate the remainder when 4541 is divided by 1117.
73
What is the remainder when 441292 is divided by 19?
17
What is the remainder when 28640 is divided by 830?
420
What is the remainder when 2705 is divided by 86?
39
What is the remainder when 143477 is divided by 8?
5
Calculate the remainder when 1545 is divided by 17.
15
Calculate the remainder when 2927 is divided by 896.
239
Calculate the remainder when 16451 is divided by 1283.
1055
What is the remainder when 9425 is divided by 39?
26
What is the remainder when 317585 is divided by 27?
11
What is the remainder when 8237 is divided by 44?
9
What is the remainder when 179557 is divided by 211?
207
What is the remainder when 32867 is divided by 2987?
10
What is the remainder when 3303 is divided by 437?
244
What is the remainder when 3738 is divided by 1232?
42
What is the remainder when 7486 is divided by 80?
46
Calculate the remainder when 766 is divided by 29.
12
What is the remainder when 3765 is divided by 3264?
501
What is the remainder when 13859 is divided by 192?
35
Calculate the remainder when 3151 is divided by 533.
486
What is the remainder when 315212 is divided by 12?
8
What is the remainder when 45356 is divided by 360?
356
What is the remainder when 7286 is divided by 365?
351
Calculate the remainder when 2139 is divided by 977.
185
Calculate the remainder when 384 is divided by 176.
32
What is the remainder when 6227 is divided by 61?
5
Calculate the remainder when 3908 is divided by 85.
83
Calculate the remainder when 8507 is divided by 4216.
75
What is the remainder when 10815 is divided by 43?
22
What is the remainder when 180529 is divided by 1245?
4
What is the remainder when 5770 is divided by 109?
102
Calculate the remainder when 32811 is divided by 537.
54
Calculate the remainder when 135083 is divided by 22.
3
Calculate the remainder when 88478 is divided by 63.
26
What is the remainder when 31342 is divided by 137?
106
Calculate the remainder when 1799 is divided by 437.
51
What is the remainder when 10045 is divided by 10018?
27
What is the remainder when 25127 is divided by 23?
11
Calculate the remainder when 18117 is divided by 197.
190
Calculate the remainder when 895 is divided by 41.
34
What is the remainder when 1664 is divided by 192?
128
What is the remainder when 187078 is divided by 7?
3
What is the remainder when 2895 is divided by 786?
537
What is the remainder when 6665 is divided by 2330?
2005
What is the remainder when 28655 is divided by 322?
319
Calculate the remainder when 2054109 is divided by 35.
29
Calculate the remainder when 415 is divided by 205.
5
Calculate the remainder when 100557 is divided by 890.
877
Calculate the remainder when 26923 is divided by 153.
148
What is the remainder when 313134 is divided by 14?
10
Calculate the remainder when 8858 is divided by 715.
278
Calculate the remainder when 4440 is divided by 553.
16
Calculate the remainder when 5179 is divided by 926.
549
What is the remainder when 27053 is divided by 493?
431
Calculate the remainder when 4461 is divided by 889.
16
Calculate the remainder when 33909 is divided by 538.
15
Calculate the remainder when 3340 is divided by 57.
34
Calculate the remainder when 18436 is divided by 6128.
52
Calculate the remainder when 94174 is divided by 20.
14
Calculate the remainder when 390391 is divided by 1125.
16
Calculate the remainder when 930 is divided by 880.
50
Calculate the remainder when 80179 is divided by 87.
52
What is the remainder when 5295 is divided by 2508?
279
What is the remainder when 2928 is divided by 2153?
775
Calculate the remainder when 170143 is divided by 170091.
52
What is the remainder when 216964 is divided by 296?
292
What is the remainder when 4033 is divided by 225?
208
Calculate the remainder when 1768703 is divided by 658.
657
Calculate the remainder when 2849 is divided by 179.
164
What is the remainder when 933 is divided by 223?
41
What is the remainder when 37474 is divided by 108?
106
Calculate the remainder when 930 is divided by 153.
12
Calculate the remainder when 1654 is divided by 235.
9
Calculate the remainder when 178 is divided by 88.
2
Calculate the remainder when 1143 is divided by 376.
15
What is the remainder when 1397 is divided by 81?
20
Calculate the remainder when 2894241 is divided by 142.
139
Calculate the remainder when 1309 is divided by 107.
25
Calculate the remainder when 1173 is divided by 148.
137
What is the remainder when 1415081 is divided by 44?
41
What is the remainder when 2711 is divided by 662?
63
Calculate the remainder when 113370 is divided by 18880.
90
Calculate the remainder when 8872652 is divided by 487.
486
Calculate the remainder when 1717 is divided by 752.
213
Calculate the remainder when 323974 is divided by 532.
518
What is the remainder when 4651 is divided by 48?
43
Calculate the remainder when 23861 is divided by 70.
61
What is the remainder when 282 is divided by 80?
42
What is the remainder when 124366 is divided by 1?
0
Calculate the remainder when 40073 is divided by 39.
20
Calculate the remainder when 62531 is divided by 20842.
5
Calculate the remainder when 113872 is divided by 357.
346
Calculate the remainder when 32722 is divided by 4087.
26
What is the remainder when 2295 is divided by 750?
45
What is the remainder when 229767 is divided by 1035?
1032
Calculate the remainder when 7406 is divided by 3702.
2
Calculate the remainder when 33713 is divided by 544.
529
What is the remainder when 579402 is divided by 26?
18
What is the remainder when 31540 is divided by 239?
231
What is the remainder when 6691 is divided by 31?
26
What is the remainder when 163997 is divided by 26?
15
What is the remainder when 3316 is divided by 27?
22
What is the remainder when 12973 is divided by 1851?
16
What is the remainder when 59784 is divided by 14834?
448
What is the remainder when 9417 is divided by 496?
489
Calculate the remainder when 322070 is divided by 127.
125
What is the remainder when 4328 is divided by 88?
16
Calculate t